20563 a prime number?
True
Is 18041 composite?
False
Is 2503 prime?
True
Is 97211 a prime number?
False
Is 19841 composite?
False
Is 19535 a composite number?
True
Is 674309 a composite number?
True
Is 303221 composite?
True
Is 75037 a prime number?
True
Is 17239 a composite number?
False
Is 718711 prime?
False
Is 81961 a composite number?
True
Is 97891 a prime number?
False
Is 20159 prime?
False
Is 247523 prime?
False
Is 407203 composite?
False
Is 109567 a composite number?
False
Is 2356321 composite?
True
Is 2467 a composite number?
False
Is 293 prime?
True
Is 8347 prime?
False
Is 1337887 prime?
False
Is 5963 a composite number?
True
Is 14759 composite?
False
Is 288497 a prime number?
False
Is 8563 composite?
False
Is 22541 prime?
True
Is 4894 prime?
False
Is 2741 prime?
True
Is 107021 a composite number?
False
Is 167659 a prime number?
False
Is 2217 a prime number?
False
Is 215431 prime?
False
Is 96109 a prime number?
False
Is 344543 a composite number?
False
Is 21619 prime?
False
Is 150799 a prime number?
False
Is 93419 a composite number?
False
Is 4143 composite?
True
Is 93667 composite?
True
Is 4439 a prime number?
False
Is 3989 a composite number?
False
Is 35251 composite?
False
Is 528497 composite?
True
Is 212029 prime?
True
Is 13667 a prime number?
False
Is 99353 composite?
True
Is 380417 a prime number?
True
Is 2521 composite?
False
Is 671887 prime?
True
Is 9239 a prime number?
True
Is 4139 prime?
True
Is 163537 composite?
True
Is 22879 composite?
True
Is 110739 a composite number?
True
Is 57241 a composite number?
False
Is 125863 a composite number?
False
Is 7751 a prime number?
False
Is 41749 composite?
True
Is 411499 a composite number?
True
Is 26077 a composite number?
True
Is 9229 prime?
False
Is 54685 composite?
True
Is 106985 composite?
True
Is 22569 prime?
False
Is 952363 a prime number?
True
Is 72273 a composite number?
True
Is 976699 prime?
True
Is 1018 a composite number?
True
Is 14243 composite?
False
Is 23447 a prime number?
True
Is 16439 a prime number?
False
Is 382081 prime?
False
Is 44057 composite?
True
Is 166189 a prime number?
True
Is 13649 composite?
False
Is 2681 composite?
True
Is 91997 prime?
True
Is 6511 composite?
True
Is 592843 prime?
True
Is 23279 a prime number?
True
Is 745 a composite number?
True
Is 10243 a composite number?
False
Is 7069 prime?
True
Is 13227 composite?
True
Is 16381 a prime number?
True
Is 7607 prime?
True
Is 12081 a composite number?
True
Is 132159 a prime number?
False
Is 447 a composite number?
True
Is 19937 a prime number?
True
Is 8909 prime?
False
Is 3977 a prime number?
False
Is 70709 composite?
False
Is 4659 composite?
True
Is 36889 composite?
True
Is 1540583 a composite number?
True
Is 42593 prime?
False
Is 31963 prime?
True
Is 24305 a composite number?
True
Is 259421 composite?
False
Is 37949 prime?
False
Is 248711 a prime number?
False
Is 20635 composite?
True
Is 7981 composite?
True
Is 53569 composite?
False
Is 705509 prime?
False
Is 47 prime?
True
Is 622443 prime?
False
Is 12067 a composite number?
True
Is 1465 composite?
True
Is 7170161 prime?
True
Is 9349 composite?
False
Is 23255 prime?
False
Is 2604499 a prime number?
True
Is 217817 composite?
True
Is 269162 a composite number?
True
Is 8147 prime?
True
Is 27509 a prime number?
True
Is 4267 composite?
True
Is 82651 a prime number?
True
Is 2477 a composite number?
False
Is 7901 composite?
False
Is 332939 a prime number?
False
Is 60589 composite?
False
Is 791 composite?
True
Is 5218 composite?
True
Is 46601 a prime number?
True
Is 8039 composite?
False
Is 2833 a prime number?
True
Is 17921 a composite number?
False
Is 1531 a composite number?
False
Is 210731 a prime number?
True
Is 9073 a prime number?
False
Is 13749 a composite number?
True
Is 975461 a prime number?
False
Is 7067 a prime number?
False
Is 6299 composite?
False
Is 156887 a composite number?
False
Is 43661 a prime number?
True
Is 58726 a composite number?
True
Is 156577 a composite number?
False
Is 22199 prime?
False
Is 8267 prime?
False
Is 63807 a composite number?
True
Is 21647 a prime number?
True
Is 960098 a prime number?
False
Is 135921 a composite number?
True
Is 914691 prime?
False
Is 317949 prime?
False
Is 6866 composite?
True
Is 639953 a composite number?
True
Is 36251 prime?
True
Is 20663 a composite number?
False
Is 544249 composite?
True
Is 45221 composite?
True
Is 69899 a composite number?
False
Is 204779 prime?
False
Is 2053 a prime number?
True
Is 40081 composite?
True
Is 827923 a composite number?
False
Is 3687 prime?
False
Is 40801 a composite number?
False
Is 24347 composite?
True
Is 2213867 a composite number?
False
Is 79251 composite?
True
Is 4619 a prime number?
False
Is 219265 composite?
True
Is 2772041 a composite number?
False
Is 174683 a composite number?
True
Is 189103 composite?
True
Is 102761 a prime number?
True
Is 252817 a composite number?
False
Is 208729 prime?
True
Is 1399 a prime number?
True
Is 646189 a composite number?
False
Is 184153 a prime number?
True
Is 1651 a prime number?
False
Is 1384507 composite?
False
Is 50311 composite?
False
Is 12394 a prime number?
False
Is 62323 prime?
True
Is 124737 a composite number?
True
Is 55501 a prime number?
True
Is 20161 a prime number?
True
Is 1033514 a composite number?
True
Is 5879 a prime number?
True
Is 27259 prime?
True
Is 1187551 composite?
False
Is 29699 a prime number?
False
Is 2503 a composite number?
False
Is 3043769 a prime number?
True
Is 55855 a composite number?
True
Is 70297 prime?
True
Is 123 prime?
False
Is 9277 a prime number?
True
Is 17183 a composite number?
False
Is 78159 a prime number?
False
Is 383041 a composite number?
False
Is 360923 a composite number?
True
Is 33851 a prime number?
True
Is 1174501 composite?
True
Is 18493 a prime number?
True
Is 2179 a prime number?
True
Is 34631 a prime number?
True
Is 44999 a composite number?
True
Is 19273 a composite number?
False
Is 7949 prime?
True
Is 808211 a composite number?
False
Is 995 a prime number?
False
Is 108323 a composite number?
True
Is 352613 a prime number?
False
Is 256193 a composite number?
True
Is 1139885 a composite number?
True
Is 72451 a composite number?
True
Is 2673703 a composite number?
True
Is 1535603 prime?
True
Is 28761 composite?
True
Is 9599 composite?
True
Is 459589 a composite number?
True
Is 14902 prime?
False
Is 20263 composite?
True
Is 2243 a prime number?
True
Is 20419 composite?
True
Is 454 a prime number?
False
Is 11467 composite?
False
Is 25765 a composite number?
True
Is 70989 a composite number?
True
Is 137201 a composite number?
False
Is 318489 prime?
False
Is 281833 prime?
True
Is 1970499 composite?
True
Is 150713 a composite number?
True
Is 144031 a composite number?
False
Is 27049 a prime number?
False
Is 9901 prime?
True
Is 591181 a prime number?
True
Is 26759 a composite number?
False
Is 248467 prime?
False
Is 482309 a composite number?
False
Is 64409 a composite number?
True
Is 4126 composite?
True
Is 1048337 composite?
True
Is 284927 a prime number?
True
Is 20611 a composite number?
False
Is 44347 a composite number?
True
Is 18646 prime?
False
Is 91706 prime?
False
Is 35589 composite?
True
Is 2833 prime?
True
Is 162143 prime?
True
Is 2921 composite?
True
Is 24487 a prime number?
False
Is 152501 composite?
False
Is 707717 composite?
False
Is 80039 composite?
False
Is 130939 prime?
False
Is 731945 composite?
True
Is 28277 composite?
False
Is 40265 a prime number?
False
Is 1696649 a composite number?
False
Is 1433101 prime?
True
Is 6247 composite?
False
Is 5433 a composite number?
True
Is 2149 prime?
False
Is 6711 composite?
True
Is 45379 a composite number?
True
Is 47459 a prime number?
True
Is 6778 prime?
False
Is 38707 prime?
True
Is 8609 prime?
True
Is 14461 a composite number?
False
Is 24053 prime?
False
Is 3338 composite?
True
Is 2013657 a composite number?
True
Is 22951 a prime number?
False
Is 19733 a prime number?
False
Is 15746 composite?
True
Is 102359 composite?
False
Is 36903 prime?
False
Is 267049 a composite number?
False
Is 445943 a composite number?
False
Is 95653 composite?
True
Is 1961 a prime number?
False
Is 1091047 a composite number?
False
Is 1119221 a composite number?
False
Is 30577 prime?
True
Is 42979 prime?
True
Is 26587 a composite numbe